7, 101, 2731
What are the prime factors of 522979?
173, 3023
List the prime factors of 254931.
3, 84977
List the prime factors of 2320039.
2320039
What are the prime factors of 9295001?
9295001
What are the prime factors of 57083?
13, 4391
What are the prime factors of 583620?
2, 3, 5, 71, 137
List the prime factors of 543552.
2, 3, 19, 149
List the prime factors of 20690.
2, 5, 2069
What are the prime factors of 4397019?
3, 11, 12113
List the prime factors of 2147499.
3, 79537
List the prime factors of 4278834.
2, 3, 7, 29, 1171
List the prime factors of 3083953.
17, 181409
List the prime factors of 411361.
411361
List the prime factors of 1257569.
1257569
List the prime factors of 533031.
3, 177677
What are the prime factors of 224842?
2, 17, 389
What are the prime factors of 8667592?
2, 1083449
What are the prime factors of 1451271?
3, 483757
What are the prime factors of 237097?
7, 33871
List the prime factors of 5984042.
2, 863, 3467
List the prime factors of 976055.
5, 17, 11483
List the prime factors of 337612.
2, 11, 7673
What are the prime factors of 192596?
2, 89, 541
What are the prime factors of 1736671?
1736671
What are the prime factors of 460768?
2, 7, 11, 17
List the prime factors of 267538.
2, 133769
What are the prime factors of 362388?
2, 3, 13, 23, 101
List the prime factors of 1299973.
17, 47, 1627
What are the prime factors of 1787720?
2, 5, 11, 17, 239
List the prime factors of 22092023.
22092023
What are the prime factors of 623713?
17, 19, 1931
List the prime factors of 3665784.
2, 3, 19, 8039
List the prime factors of 2529296.
2, 7, 11, 2053
List the prime factors of 22399.
13, 1723
List the prime factors of 580421.
67, 8663
List the prime factors of 914451.
3, 19, 61, 263
List the prime factors of 12642797.
73, 173189
List the prime factors of 206585.
5, 79, 523
List the prime factors of 674845.
5, 139, 971
List the prime factors of 589171.
11, 19, 2819
What are the prime factors of 1836485?
5, 7, 137, 383
What are the prime factors of 18678046?
2, 9339023
What are the prime factors of 222539?
139, 1601
List the prime factors of 285233.
13, 37, 593
What are the prime factors of 795301?
13, 131, 467
What are the prime factors of 277741?
277741
What are the prime factors of 4705879?
67, 70237
List the prime factors of 10660471.
641, 16631
What are the prime factors of 318975?
3, 5, 4253
List the prime factors of 12046.
2, 19, 317
List the prime factors of 5381393.
1447, 3719
List the prime factors of 1540020.
2, 3, 5, 25667
What are the prime factors of 143736?
2, 3, 53, 113
What are the prime factors of 39469?
29, 1361
List the prime factors of 1495587.
3, 47, 10607
List the prime factors of 134282.
2, 67141
List the prime factors of 28822532.
2, 953, 7561
What are the prime factors of 71936?
2, 281
What are the prime factors of 245651?
7, 19, 1847
List the prime factors of 173637.
3, 59, 109
List the prime factors of 8373448.
2, 1046681
What are the prime factors of 533193?
3, 223, 797
List the prime factors of 906771.
3, 47, 59, 109
List the prime factors of 3471700.
2, 5, 149, 233
List the prime factors of 4520977.
43, 47, 2237
What are the prime factors of 1138649?
1138649
List the prime factors of 233522.
2, 59, 1979
List the prime factors of 1962438.
2, 3, 47, 6959
What are the prime factors of 30575?
5, 1223
What are the prime factors of 2551613?
677, 3769
What are the prime factors of 20776493?
2203, 9431
List the prime factors of 1593520.
2, 5, 19919
What are the prime factors of 19308845?
5, 19, 23, 8837
What are the prime factors of 300686?
2, 150343
List the prime factors of 198763.
47, 4229
What are the prime factors of 3794207?
3794207
What are the prime factors of 41029?
89, 461
List the prime factors of 122099.
122099
List the prime factors of 30147221.
13, 31, 239, 313
What are the prime factors of 516043?
11, 43, 1091
What are the prime factors of 280766?
2, 79, 1777
What are the prime factors of 67036?
2, 16759
List the prime factors of 1052451.
3, 337, 347
What are the prime factors of 1083713?
1083713
List the prime factors of 869893.
869893
What are the prime factors of 826463?
11, 75133
List the prime factors of 2338434.
2, 3, 7, 67, 277
List the prime factors of 278142.
2, 3, 151, 307
List the prime factors of 1786292.
2, 17, 109, 241
What are the prime factors of 21458834?
2, 233, 46049
List the prime factors of 14688578.
2, 17, 41, 257
What are the prime factors of 4998599?
4998599
List the prime factors of 14440521.
3, 29, 165983
What are the prime factors of 323355?
3, 5, 21557
What are the prime factors of 1343550?
2, 3, 5, 13, 53
List the prime factors of 9723380.
2, 5, 53, 9173
List the prime factors of 1783537.
7, 254791
List the prime factors of 5143714.
2, 857, 3001
What are the prime factors of 326351?
326351
What are the prime factors of 9171971?
9171971
List the prime factors of 177514.
2, 17, 23, 227
What are the prime factors of 91480?
2, 5, 2287
List the prime factors of 168831.
3, 13, 37
What are the prime factors of 15604479?
3, 11, 163, 967
What are the prime factors of 600467?
7, 85781
What are the prime factors of 99793?
99793
List the prime factors of 219668.
2, 54917
What are the prime factors of 222921?
3, 17, 31, 47
What are the prime factors of 541651?
11, 41, 1201
List the prime factors of 19638202.
2, 9819101
What are the prime factors of 30097595?
5, 11, 547229
List the prime factors of 914284.
2, 7, 32653
List the prime factors of 3609976.
2, 47, 9601
List the prime factors of 26487362.
2, 11, 1203971
What are the prime factors of 1516961?
17, 29, 181
What are the prime factors of 3149716?
2, 787429
What are the prime factors of 52745?
5, 7, 11, 137
List the prime factors of 35848256.
2, 73, 7673
What are the prime factors of 2429456?
2, 151841
List the prime factors of 2951543.
7, 557, 757
What are the prime factors of 17468768?
2, 545899
What are the prime factors of 34052072?
2, 4256509
List the prime factors of 168965.
5, 47, 719
What are the prime factors of 420639?
3, 31, 4523
List the prime factors of 3095417.
13, 238109
What are the prime factors of 220504?
2, 43, 641
List the prime factors of 13839869.
13839869
List the prime factors of 33443.
53, 631
What are the prime factors of 2777868?
2, 3, 17, 89
What are the prime factors of 413051?
317, 1303
List the prime factors of 13522019.
7, 1931717
List the prime factors of 120466.
2, 29, 31, 67
List the prime factors of 10151205.
3, 5, 676747
List the prime factors of 18319845.
3, 5, 23, 53101
What are the prime factors of 2980533?
3, 29, 34259
List the prime factors of 8219456.
2, 7, 2621
What are the prime factors of 5358882?
2, 3, 893147
List the prime factors of 3375371.
43, 78497
What are the prime factors of 1569367?
1569367
What are the prime factors of 1294891?
13, 99607
What are the prime factors of 4530347?
17, 266491
What are the prime factors of 213423?
3, 7, 10163
What are the prime factors of 268214?
2, 59, 2273
List the prime factors of 110918.
2, 31, 1789
List the prime factors of 508751.
241, 2111
List the prime factors of 2083611.
3, 107, 6491
List the prime factors of 182164.
2, 45541
What are the prime factors of 28146012?
2, 3, 2345501
What are the prime factors of 2115654?
2, 3, 53, 6653
List the prime factors of 169020.
2, 3, 5, 313
What are the prime factors of 828802?
2, 13, 127, 251
What are the prime factors of 143672?
2, 17959
List the prime factors of 1021924.
2, 449, 569
List the prime factors of 1311223.
1311223
What are the prime factors of 157951?
157951
List the prime factors of 408591.
3, 37, 409
What are the prime factors of 497483?
7, 71069
What are the prime factors of 1222946?
2, 17, 35969
What are the prime factors of 1252329?
3, 13, 163, 197
List the prime factors of 11233506.
2, 3, 1249, 1499
What are the prime factors of 1623703?
151, 10753
List the prime factors of 1660775.
5, 66431
List the prime factors of 6291126.
2, 3, 349507
List the prime factors of 1148520.
2, 3, 5, 17, 563
What are the prime factors of 430263?
3, 47807
What are the prime factors of 242933?
29, 8377
List the prime factors of 11181059.
23, 486133
List the prime factors of 854676.
2, 3, 23741
What are the prime factors of 1853319?
3, 13, 47521
List the prime factors of 29700.
2, 3, 5, 11
